{"id":11,"date":"2018-09-06T22:45:23","date_gmt":"2018-09-06T20:45:23","guid":{"rendered":"http:\/\/sforyou.fr\/?page_id=11"},"modified":"2026-02-03T15:59:21","modified_gmt":"2026-02-03T14:59:21","slug":"epilation","status":"publish","type":"page","link":"https:\/\/sforyou.fr\/index.php\/epilation\/","title":{"rendered":"Epilation"},"content":{"rendered":"\n\t\t<style type=\"text\/css\">\n\t\t\t#gallery-1 {\n\t\t\t\tmargin: auto;\n\t\t\t}\n\t\t\t#gallery-1 .gallery-item {\n\t\t\t\tfloat: left;\n\t\t\t\tmargin-top: 10px;\n\t\t\t\ttext-align: center;\n\t\t\t\twidth: 25%;\n\t\t\t}\n\t\t\t#gallery-1 img {\n\t\t\t\tborder: 2px solid #cfcfcf;\n\t\t\t}\n\t\t\t#gallery-1 .gallery-caption {\n\t\t\t\tmargin-left: 0;\n\t\t\t}\n\t\t\t\/* see gallery_shortcode() in wp-includes\/media.php *\/\n\t\t<\/style>\n\t\t<div id='gallery-1' class='gallery galleryid-11 gallery-columns-4 gallery-size-thumbnail'><dl class='gallery-item'>\n\t\t\t<dt class='gallery-icon landscape'>\n\t\t\t\t<a href='https:\/\/sforyou.fr\/image-cire\/'><img width=\"150\" height=\"150\" src=\"https:\/\/sforyou.fr\/wp-content\/uploads\/2018\/09\/image-cire-150x150.jpg\" class=\"attachment-thumbnail size-thumbnail\" alt=\"\" loading=\"lazy\" \/><\/a>\n\t\t\t<\/dt><\/dl><dl class='gallery-item'>\n\t\t\t<dt class='gallery-icon landscape'>\n\t\t\t\t<a href='https:\/\/sforyou.fr\/epilation_cire-0\/'><img width=\"150\" height=\"150\" src=\"https:\/\/sforyou.fr\/wp-content\/uploads\/2018\/09\/epilation_cire-0-150x150.jpg\" class=\"attachment-thumbnail size-thumbnail\" alt=\"\" loading=\"lazy\" \/><\/a>\n\t\t\t<\/dt><\/dl><dl class='gallery-item'>\n\t\t\t<dt class='gallery-icon landscape'>\n\t\t\t\t<a href='https:\/\/sforyou.fr\/cire-liquide\/'><img width=\"150\" height=\"150\" src=\"https:\/\/sforyou.fr\/wp-content\/uploads\/2018\/09\/cire-liquide-150x150.jpg\" class=\"attachment-thumbnail size-thumbnail\" alt=\"\" loading=\"lazy\" \/><\/a>\n\t\t\t<\/dt><\/dl><dl class='gallery-item'>\n\t\t\t<dt class='gallery-icon landscape'>\n\t\t\t\t<a href='https:\/\/sforyou.fr\/index.php\/accueil\/epilation-2\/#main'><img width=\"150\" height=\"150\" src=\"https:\/\/sforyou.fr\/wp-content\/uploads\/2018\/09\/epilation-150x150.jpg\" class=\"attachment-thumbnail size-thumbnail\" alt=\"\" loading=\"lazy\" \/><\/a>\n\t\t\t<\/dt><\/dl><br style=\"clear: both\" \/>\n\t\t<\/div>\n\n<h3 style=\"text-align: center;\"><strong>FEMMES<\/strong><\/h3>\n<p style=\"text-align: center;\">Sourcils\u00a0\u00a0 <strong>7\u20ac<\/strong><\/p>\n<p style=\"text-align: center;\">L\u00e8vres \/Menton\u00a0 <strong>6\u20ac<\/strong><\/p>\n<p style=\"text-align: center;\">Joues\u00a0 <strong>5\u20ac<\/strong><\/p>\n<p style=\"text-align: center;\">Visage (sourcils, l\u00e8vres, menton,joues)\u00a0 <strong>15\u20ac<\/strong><\/p>\n<p style=\"text-align: center;\">Aisselles\u00a0 <strong>7\u20ac<\/strong><\/p>\n<p style=\"text-align: center;\">Maillot Simple\u00a0 <strong>12\u20ac<\/strong><\/p>\n<p style=\"text-align: center;\">Maillot \u00c9chancr\u00e9\u00a0 <strong>16\u20ac<\/strong><\/p>\n<p style=\"text-align: center;\">Maillot Int\u00e9gral\u00a0 <strong>20\u20ac<\/strong><\/p>\n<p style=\"text-align: center;\">1\/2 Jambes\u00a0 <strong>12\u20ac<\/strong><\/p>\n<p style=\"text-align: center;\">Cuisses\u00a0 <strong>15\u20ac<\/strong><\/p>\n<p style=\"text-align: center;\">Jambes Enti\u00e8res\u00a0 <strong>19\u20ac<\/strong><\/p>\n<p style=\"text-align: center;\">1\/2 Bras\u00a0 <strong>7\u20ac<\/strong><\/p>\n<p style=\"text-align: center;\">Bras entiers\u00a0 <strong>12\u20ac<\/strong><\/p>\n<p style=\"text-align: center;\">Ventre\u00a0 <strong>5\u20ac<\/strong><\/p>\n<h3 style=\"text-align: center;\"><strong>FORFAITS \u00c9PILATION\u00a0 :<\/strong><\/h3>\n<p style=\"text-align: center;\">Demi-jambes + maillot int\u00e9gral + aisselles \u00a0<strong>41\u20ac<\/strong><\/p>\n<p style=\"text-align: center;\">Demi-jambes + maillot \u00e9chancr\u00e9 + aisselles\u00a0 <strong>37\u20ac<\/strong><\/p>\n<p style=\"text-align: center;\">Demi-jambes + maillot simple + aisselles \u00a0<strong>33\u20ac<\/strong><\/p>\n<p style=\"text-align: center;\">Jambes compl\u00e8tes + maillot int\u00e9gral + aisselles\u00a0 <strong>46\u20ac<\/strong><\/p>\n<p style=\"text-align: center;\">Jambes compl\u00e8tes + maillot \u00e9chancr\u00e9 + aisselles \u00a0<strong><span style=\"color: #000000;\">42<\/span>\u20ac<\/strong><\/p>\n<p style=\"text-align: center;\">Jambes compl\u00e8tes + maillot simple + aisselles\u00a0 <strong>38\u20ac<\/strong><\/p>\n<p><strong><em>Paiements accept\u00e9s\u00a0: ch\u00e8ques et esp\u00e8ces.<\/em><\/strong><\/p>\n<p>&nbsp;<\/p>\n","protected":false},"excerpt":{"rendered":"<p>FEMMES Sourcils\u00a0\u00a0 7\u20ac L\u00e8vres \/Menton\u00a0 6\u20ac Joues\u00a0 5\u20ac Visage (sourcils, l\u00e8vres, menton,joues)\u00a0 15\u20ac Aisselles\u00a0 7\u20ac Maillot Simple\u00a0 12\u20ac Maillot \u00c9chancr\u00e9\u00a0 16\u20ac Maillot Int\u00e9gral\u00a0 20\u20ac 1\/2 Jambes\u00a0 12\u20ac Cuisses\u00a0 15\u20ac Jambes Enti\u00e8res\u00a0 19\u20ac 1\/2 Bras\u00a0 7\u20ac Bras entiers\u00a0 12\u20ac Ventre\u00a0 5\u20ac FORFAITS \u00c9PILATION\u00a0 : Demi-jambes + maillot int\u00e9gral + aisselles \u00a041\u20ac Demi-jambes + maillot \u00e9chancr\u00e9 + [&hellip;]<\/p>\n","protected":false},"author":1,"featured_media":116,"parent":0,"menu_order":0,"comment_status":"closed","ping_status":"closed","template":"","meta":[],"_links":{"self":[{"href":"https:\/\/sforyou.fr\/index.php\/wp-json\/wp\/v2\/pages\/11"}],"collection":[{"href":"https:\/\/sforyou.fr\/index.php\/wp-json\/wp\/v2\/pages"}],"about":[{"href":"https:\/\/sforyou.fr\/index.php\/wp-json\/wp\/v2\/types\/page"}],"author":[{"embeddable":true,"href":"https:\/\/sforyou.fr\/index.php\/wp-json\/wp\/v2\/users\/1"}],"replies":[{"embeddable":true,"href":"https:\/\/sforyou.fr\/index.php\/wp-json\/wp\/v2\/comments?post=11"}],"version-history":[{"count":32,"href":"https:\/\/sforyou.fr\/index.php\/wp-json\/wp\/v2\/pages\/11\/revisions"}],"predecessor-version":[{"id":450,"href":"https:\/\/sforyou.fr\/index.php\/wp-json\/wp\/v2\/pages\/11\/revisions\/450"}],"wp:featuredmedia":[{"embeddable":true,"href":"https:\/\/sforyou.fr\/index.php\/wp-json\/wp\/v2\/media\/116"}],"wp:attachment":[{"href":"https:\/\/sforyou.fr\/index.php\/wp-json\/wp\/v2\/media?parent=11"}],"curies":[{"name":"wp","href":"https:\/\/api.w.org\/{rel}","templated":true}]}}